- 44 - 99 = -5*i, 114 = 4*i + 2*q. Let l be (1 + 0)*(8 + -3). Suppose -p - i = -4*d + 3*p, -l*d + p = -39. What is the units digit of d?
8
Let q(u) = -u - 14. Let o be q(-15). Suppose -x = -5*j - 54, o = -5*j + 6. What is the units digit of x?
9
Let f = 2 + -3. Let h be -4 + 0 + -2 + 4 - -1. What is the units digit of h/((-3)/(-9)*f)?
3
Suppose 2*f - 4 = -2*w, 7*f = 2*f + 3*w + 26. Suppose 0 = r - f*r. Suppose 2*x = -r*x + 14. What is the units digit of x?
7
Let b = -30 + 83. What is the tens digit of b?
5
Suppose -r + 5*t + 8 - 27 = 0, -5*r + t = -25. What is the units digit of r?
6
Suppose -2*v + 4*v - 10 = 0. Suppose 0*n + v*n - 2*k = 4, 10 = 2*n - 5*k. Suppose f + 4 = -0*g - g, 5*g - 3*f - 20 = n. What is the units digit of g?
1
Let i = -5 + 5. Suppose -3*f - 3*z - 6 = -z, i = 5*z. What is the units digit of -1 + (0 + -4)/f?
1
Let m = 6 + 11. What is the units digit of m?
7
Suppose 7 = -k - 6. Let n = 25 + k. What is the tens digit of n?
1
Let w(o) = o**2 + 2*o - 1. Let z be w(1). Let p = z + 0. Let x(b) = 2*b**2 - 3*b. What is the units digit of x(p)?
2
Let q = -204 + 315. What is the tens digit of q?
1
Suppose -2*d - 2 = -10. Let p = 1 + -1. Suppose p = -2*o, -d*m + 8 = -o - 0. What is the units digit of m?
2
Suppose 4*y = -4 - 16. Let w be -7 - y - -1*4. Suppose -4*d = 20, 2*i - w*d - d = 27. What is the units digit of i?
6
Let n = 8 - -6. Let k = n + -35. Let t = k + 40. What is the tens digit of t?
1
Let a = 6 + 39. What is the units digit of a?
5
Let x(j) = -j**2 + 12*j - 8. Let h be x(11). Suppose -2*i = -2*f - 0*i + 46, -h*f - 5*i = -69. What is the units digit of f?
3
Suppose 5*s + 3*w = 1015, -2*s + 3*w + 289 = -117. What is the units digit of s?
3
Suppose -5*w + g = 80, 0*w - g = -w - 16. Let p be -2 + 1 - w/8. Suppose 6 + p = o. What is the units digit of o?
7
Let t = 59 - -73. What is the hundreds digit of t?
1
Suppose 0 = -3*q - 2*q + 30. Let i = -1 + -4. Let h = i + q. What is the units digit of h?
1
Suppose -17*b = -22*b + 385. What is the units digit of b?
7
Let c(h) = -3*h**3 + h**2 + h. Let k be c(-1). Let d = 8 - k. Suppose -d*f - 56 = -2*v, v + f = -3*v + 68. What is the tens digit of v?
1
Suppose -27 = -5*l - 92. Suppose 9 = -m - 5*j + 48, -2*j = -m + 11. Let w = m + l. What is the units digit of w?
6
Let v = -6 + 6. Let p = v + 9. What is the units digit of p?
9
Let a(w) = -w**3 + 5*w**2 + 7*w - 6. Let s be a(6). Let m = s + 0. Suppose -3*l - 2*p + 17 = m, -21 = -0*l - 3*l - 3*p. What is the units digit of l?
3
Let o be (6/(-5))/((-2)/10). Suppose y = 5, -4*f - y - 10 = y. What is the units digit of (o/f)/((-14)/35)?
3
Suppose 16 = 2*j - 36. Suppose -2*w = -6*w + 5*u + 1789, 1339 = 3*w - u. What is the units digit of w/j - (-12)/(-78)?
7
Let h be 4*(-1 - (0 - 2)). Let n be (16/(-10))/(h/20). Let x = -2 - n. What is the units digit of x?
6
Suppose 15*v - 10*v - 215 = 0. What is the units digit of v?
3
Suppose -4*j + 24 = 4. Suppose -6*b = -b - j. What is the units digit of b?
1
Suppose 0 = -4*i - l + 10, 8 = 2*i - i + 3*l. Suppose 0 = i*x - 6*x + 20. Suppose -3*d = -b + 2 + 5, d + 21 = x*b. What is the units digit of b?
4
Let t = -33 + 79. What is the tens digit of t?
4
Let r be 136/14 - 6/(-21). Let p(x) be the third derivative of -x**6/120 + 3*x**5/20 + 11*x**4/24 + 2*x**3 + 10*x**2. What is the tens digit of p(r)?
2
Let l = 1 - 1. Let n(v) = v. Let x be n(l). Suppose x = -5*o + 16 + 24. What is the units digit of o?
8
What is the units digit of ((-102)/(-12)*-1)/((-1)/2)?
7
Let j(u) = -76*u + 17. What is the tens digit of j(-3)?
4
Let h(a) = a**2 - a + 54. Let p be h(0). Suppose 2*q - p = -q. Suppose q = s + s. What is the units digit of s?
9
Suppose 3*t - 10 = 2*v + 3, 2*v - 4*t = -18. What is the units digit of 27/v - 0/(-8)?
7
Let p(i) = 10 - 40*i**2 + 39*i**2 + 7*i - 5. What is the tens digit of p(6)?
1
Let b(h) = h + 3. Let i be b(0). Suppose i*j = 6*j. Suppose -1 = -t - j. What is the units digit of t?
1
Let n(r) be the third derivative of r**6/120 - r**5/12 - r**4/6 - r**3/2 - 7*r**2. What is the units digit of n(6)?
9
Let g be (-1 + 1)/(-1 + 0). What is the tens digit of 21 - (g - 1) - 3?
1
Let q = -13 + 28. Let h(j) = 4*j - 10. Let y be h(8). Let b = y - q. What is the units digit of b?
7
Suppose -2*n - 2*u + u + 246 = 0, 234 = 2*n - 5*u. What is the tens digit of n?
2
Let u(q) = -9*q**3 + q. Let p be u(-1). Suppose -b = 5*t - 3*b - 32, 2*b = p. What is the units digit of t?
8
Suppose 4*x - 130 = 3*r + 15, -4*x + r + 155 = 0. What is the tens digit of x?
4
Let w = 2 - 2. Suppose -5*c + w*c + 15 = 0. What is the units digit of -14*c/(-6) - -3?
0
Let k = 18 + -10. Suppose -3*o = 2*v + 3*v - 48, 2*v + 4*o = k. What is the tens digit of v?
1
What is the units digit of 6/4*(-3 - (-526)/6)?
7
What is the units digit of 9/(-21) + (-80)/(-7)?
1
Suppose -4*p = -6*p + 84. What is the tens digit of p?
4
Let q(a) = a - 4 + 2*a**2 + 2 - a**2 + 3*a**2 + a**3. What is the units digit of q(-2)?
4
Let k(y) = -32*y - 17. What is the hundreds digit of k(-7)?
2
Let u(h) = 4*h + 2 - 3*h + 6*h - 6*h. What is the units digit of u(1)?
3
Let m be 2 + -1 - (1 - -1). Let h = m + 6. Suppose h*f - 8 = f. What is the units digit of f?
2
What is the units digit of 207/5 - 2/5?
1
Suppose -10*r + 1867 = -693. What is the hundreds digit of r?
2
Suppose -3*n + 40 = 2*o - 39, 5*n - 139 = 4*o. What is the units digit of n?
7
Let z(b) = b**2 - 5*b - 1. Let s be z(6). Suppose -3*g + 4 = -s. Let j(d) = d**2 - 2*d + 4. What is the units digit of j(g)?
7
Suppose -257 = 14*g - 2777. What is the units digit of g?
0
What is the tens digit of ((-1)/3)/((-4)/1116)?
9
Let d be 5 + 0/(1*-3). Let x = 7 - d. Suppose -10 = -5*h - s, -x*h + 3*s = -0*s + 13. What is the units digit of h?
1
Let u(w) = 1 + 4 - 3 - 2*w + 2. Let a(p) = -2*p + 5. Let b(y) = 4*a(y) - 5*u(y). What is the units digit of b(2)?
4
Suppose 2*g - l = 423, 6*g - 2*g = -2*l + 850. What is the units digit of g?
2
Let l = 30 - -1. What is the tens digit of l?
3
Let j be 10/6 - (-1)/3. Let d be 94/3 + 10/15. Suppose j*s = 6*s - d. What is the units digit of s?
8
Suppose 5*z - 660 = 295. What is the hundreds digit of z?
1
What is the units digit of (7 + -928)*((-15)/(-9) + -2)?
7
Let r be 6*(2/(-2) - 2). Let u = 11 - 8. Let a = u - r. What is the units digit of a?
1
Let b = 27 - 39. Let g = -6 - b. What is the units digit of g?
6
Suppose -5*v + 11 = 4*b, 3*v + 4*b + 4 - 9 = 0. Suppose 2*p - 8 = -2*m, -v*m = -p - 0*p + 12. What is the units digit of p?
6
Suppose 3*g + 24 = -y, -y + 3 = -5*g + 27. What is the tens digit of 2*(-124)/y*3?
3
Let t(m) = 2*m**2 + 2*m. Let s be t(-2). What is the units digit of ((-26)/s - 0)*-2?
3
Let g be (-1 - (-12 + 3)) + -1. Suppose -26 = -3*y + d, -41 + g = -4*y + d. Let u(k) = -k**2 + 9*k - 3. What is the units digit of u(y)?
5
Let q(k) = -k**2 - 6*k - 1. Let u be q(-5). Suppose -20 = u*y, o + y = 2*y + 6. What is the units digit of o?
1
Suppose 0 = -3*l - l. Suppose l = -4*h - 0*h + 36. What is the units digit of h?
9
Let l be (-1 - 1)*(-3)/3. Suppose 5*q = -2*r + 43, 16 + 13 = 3*q + l*r. Let g(w) = w**2 - 6*w - 3. What is the units digit of g(q)?
4
Suppose x + 4*x + 2*a = 84, x - 30 = 4*a. Suppose -123 + x = -5*m. What is the units digit of m?
1
Suppose 177 + 12 = 3*y. What is the units digit of y?
3
Let b = 1 - -11. What is the units digit of b?
2
Let b be 2*1/(-6)*-6. Let y be (3/b)/(3/28). Suppose -5*l + 54 - y = 0. What is the units digit of l?
8
Let s(r) = 2*r**3 - 8*r**2 + 6*r. Let l be s(5). Let n = l - 57. What is the units digit of n?
3
Suppose 0 = -5*l + 3*w - 1 - 1, 14 = 3*l + 2*w. Let c = 8 - l. Suppose -n + 21 - c = 0. What is the units digit of n?
5
Let u = 110 - 158. Let h be 1/2*(-5 + 1). What is the tens digit of (-2)/((-3)/u*h)?
1
Let a = -86 + 95. What is the units digit of a?
9
Suppose 0 = -2*a, 5*w - 124 - 76 = -3*a. Suppose -4*b - 26 = -2*u, -4*u + 4*b = -0*b - w. What is the units digit of u?
7
Suppose 0 = 4*l + l + 2*u - 330, -l + 66 = -2*u. Suppose -5*x - 25 = 0, -4*w + x + x = -l. What is the units digit of w?
4
Let k(q) = -2*q + 3. Let r be k(6). Let n(u) = -u**2 - 8 + 5 - 16*u + 6*u. What is the units digit of n(r)?
6
Let h = -7 + 11. Suppose h*y + n - 53 = -4*n, 4*n - 16 = -y. What is the units digit of y?
2
Let y = -130 - -329